{"id":105,"date":"2017-05-16T18:30:58","date_gmt":"2017-05-16T18:30:58","guid":{"rendered":"http:\/\/themes.getmotopress.com\/oceanica\/?page_id=105"},"modified":"2023-11-21T16:13:47","modified_gmt":"2023-11-21T15:13:47","slug":"wakeboarding","status":"publish","type":"page","link":"https:\/\/ivonavacances.fr\/?page_id=105","title":{"rendered":"Douceurs Bassin"},"content":{"rendered":"<p>En tant qu\u2019esth\u00e9ticien expert, mon engagement est de sublimer votre peau et de vous aider \u00e0 r\u00e9v\u00e9ler votre beaut\u00e9 naturelle. Mes soins du visage et du corps sont con\u00e7us pour r\u00e9pondre \u00e0 vos besoins sp\u00e9cifiques, en utilisant des produits de haute qualit\u00e9 et des techniques avanc\u00e9es pour obtenir des r\u00e9sultats visibles et durables. L\u2019\u00e9pilation d\u00e9finitive au laser est l\u2019une de mes sp\u00e9cialit\u00e9s, vous permettant de dire adieu aux poils ind\u00e9sirables de mani\u00e8re s\u00fbre et efficace.<\/p>\n<p>Douceurs Bassin est bien plus qu\u2019un institut de beaut\u00e9, c\u2019est un lieu o\u00f9 vous pouvez vous recentrer sur votre bien-\u00eatre et votre beaut\u00e9 int\u00e9rieure et ext\u00e9rieure. Je serais ravi de vous accueillir et de vous accompagner dans votre parcours vers une peau radieuse et une confiance en vous renouvel\u00e9e du lundi au samedi en horaires continus.<\/p>\n<p class=\"p1\"><span class=\"s1\">Une remise toute l&rsquo;ann\u00e9e \u00e0 l&rsquo;institut de beaut\u00e9 Douceurs Bassin au Teich (\u00e9pilation, soins visage ou corps, beaut\u00e9 mains ou pieds&#8230;)<\/span><\/p>\n<p>[valable sur le Bassin d&rsquo;Arcachon]<\/p>\n<p class=\"p1\"><a href=\"https:\/\/douceursbassin-institutdebeaute.fr\/\">https:\/\/douceursbassin-institutdebeaute.fr\/<\/a><!--more Book Lessons--><\/p>\n\n\n<figure class=\"wp-block-image size-full\"><img data-recalc-dims=\"1\" loading=\"lazy\" decoding=\"async\" width=\"748\" height=\"541\" src=\"https:\/\/i0.wp.com\/lescabanesivona.fr\/wp-content\/uploads\/2023\/10\/logo-bassin.png?resize=748%2C541&#038;ssl=1\" alt=\"\" class=\"wp-image-583\" srcset=\"https:\/\/i0.wp.com\/ivonavacances.fr\/wp-content\/uploads\/2023\/10\/logo-bassin.png?w=792&amp;ssl=1 792w, https:\/\/i0.wp.com\/ivonavacances.fr\/wp-content\/uploads\/2023\/10\/logo-bassin.png?resize=300%2C217&amp;ssl=1 300w, https:\/\/i0.wp.com\/ivonavacances.fr\/wp-content\/uploads\/2023\/10\/logo-bassin.png?resize=768%2C556&amp;ssl=1 768w, https:\/\/i0.wp.com\/ivonavacances.fr\/wp-content\/uploads\/2023\/10\/logo-bassin.png?resize=774%2C560&amp;ssl=1 774w\" sizes=\"auto, (max-width: 748px) 100vw, 748px\" \/><\/figure>\n\n\n","protected":false},"excerpt":{"rendered":"<p>Pascal, votre expert en dermocosm\u00e9tique et \u00e9pilation d\u00e9finitive au laser.<\/p>\n","protected":false},"author":1,"featured_media":573,"parent":44,"menu_order":0,"comment_status":"closed","ping_status":"closed","template":"","meta":{"footnotes":""},"class_list":["post-105","page","type-page","status-publish","has-post-thumbnail","hentry"],"yoast_head":"<!-- This site is optimized with the Yoast SEO plugin v23.7 - https:\/\/yoast.com\/wordpress\/plugins\/seo\/ -->\n<title>Douceurs Bassin -<\/title>\n<meta name=\"robots\" content=\"index, follow, max-snippet:-1, max-image-preview:large, max-video-preview:-1\" \/>\n<link rel=\"canonical\" href=\"https:\/\/ivonavacances.fr\/?page_id=105\" \/>\n<meta property=\"og:locale\" content=\"fr_FR\" \/>\n<meta property=\"og:type\" content=\"article\" \/>\n<meta property=\"og:title\" content=\"Douceurs Bassin -\" \/>\n<meta property=\"og:description\" content=\"Pascal, votre expert en dermocosm\u00e9tique et \u00e9pilation d\u00e9finitive au laser.\" \/>\n<meta property=\"og:url\" content=\"https:\/\/ivonavacances.fr\/?page_id=105\" \/>\n<meta property=\"article:publisher\" content=\"https:\/\/www.facebook.com\/p\/Les-Cabanes-Ivona-100063381480051\/\" \/>\n<meta property=\"article:modified_time\" content=\"2023-11-21T15:13:47+00:00\" \/>\n<meta property=\"og:image\" content=\"https:\/\/ivonavacances.fr\/wp-content\/uploads\/2023\/10\/spa.jpeg\" \/>\n\t<meta property=\"og:image:width\" content=\"1920\" \/>\n\t<meta property=\"og:image:height\" content=\"1080\" \/>\n\t<meta property=\"og:image:type\" content=\"image\/jpeg\" \/>\n<meta name=\"twitter:card\" content=\"summary_large_image\" \/>\n<meta name=\"twitter:label1\" content=\"Dur\u00e9e de lecture estim\u00e9e\" \/>\n\t<meta name=\"twitter:data1\" content=\"1 minute\" \/>\n<script type=\"application\/ld+json\" class=\"yoast-schema-graph\">{\"@context\":\"https:\/\/schema.org\",\"@graph\":[{\"@type\":\"WebPage\",\"@id\":\"https:\/\/ivonavacances.fr\/?page_id=105\",\"url\":\"https:\/\/ivonavacances.fr\/?page_id=105\",\"name\":\"Douceurs Bassin -\",\"isPartOf\":{\"@id\":\"https:\/\/ivonavacances.fr\/#website\"},\"primaryImageOfPage\":{\"@id\":\"https:\/\/ivonavacances.fr\/?page_id=105#primaryimage\"},\"image\":{\"@id\":\"https:\/\/ivonavacances.fr\/?page_id=105#primaryimage\"},\"thumbnailUrl\":\"https:\/\/i0.wp.com\/ivonavacances.fr\/wp-content\/uploads\/2023\/10\/spa.jpeg?fit=1920%2C1080&ssl=1\",\"datePublished\":\"2017-05-16T18:30:58+00:00\",\"dateModified\":\"2023-11-21T15:13:47+00:00\",\"breadcrumb\":{\"@id\":\"https:\/\/ivonavacances.fr\/?page_id=105#breadcrumb\"},\"inLanguage\":\"fr-FR\",\"potentialAction\":[{\"@type\":\"ReadAction\",\"target\":[\"https:\/\/ivonavacances.fr\/?page_id=105\"]}]},{\"@type\":\"ImageObject\",\"inLanguage\":\"fr-FR\",\"@id\":\"https:\/\/ivonavacances.fr\/?page_id=105#primaryimage\",\"url\":\"https:\/\/i0.wp.com\/ivonavacances.fr\/wp-content\/uploads\/2023\/10\/spa.jpeg?fit=1920%2C1080&ssl=1\",\"contentUrl\":\"https:\/\/i0.wp.com\/ivonavacances.fr\/wp-content\/uploads\/2023\/10\/spa.jpeg?fit=1920%2C1080&ssl=1\",\"width\":1920,\"height\":1080},{\"@type\":\"BreadcrumbList\",\"@id\":\"https:\/\/ivonavacances.fr\/?page_id=105#breadcrumb\",\"itemListElement\":[{\"@type\":\"ListItem\",\"position\":1,\"name\":\"Accueil\",\"item\":\"https:\/\/ivonavacances.fr\/\"},{\"@type\":\"ListItem\",\"position\":2,\"name\":\"Activit\u00e9s\",\"item\":\"https:\/\/ivonavacances.fr\/?page_id=44\"},{\"@type\":\"ListItem\",\"position\":3,\"name\":\"Douceurs Bassin\"}]},{\"@type\":\"WebSite\",\"@id\":\"https:\/\/ivonavacances.fr\/#website\",\"url\":\"https:\/\/ivonavacances.fr\/\",\"name\":\"www.lescabanesivona.fr\",\"description\":\"Maisons de Vacances \u00e0 louer\",\"publisher\":{\"@id\":\"https:\/\/ivonavacances.fr\/#organization\"},\"potentialAction\":[{\"@type\":\"SearchAction\",\"target\":{\"@type\":\"EntryPoint\",\"urlTemplate\":\"https:\/\/ivonavacances.fr\/?s={search_term_string}\"},\"query-input\":{\"@type\":\"PropertyValueSpecification\",\"valueRequired\":true,\"valueName\":\"search_term_string\"}}],\"inLanguage\":\"fr-FR\"},{\"@type\":\"Organization\",\"@id\":\"https:\/\/ivonavacances.fr\/#organization\",\"name\":\"Ivona Vacances\",\"url\":\"https:\/\/ivonavacances.fr\/\",\"logo\":{\"@type\":\"ImageObject\",\"inLanguage\":\"fr-FR\",\"@id\":\"https:\/\/ivonavacances.fr\/#\/schema\/logo\/image\/\",\"url\":\"https:\/\/i0.wp.com\/ivonavacances.fr\/wp-content\/uploads\/2023\/11\/cropped-logo.png?fit=530%2C530&ssl=1\",\"contentUrl\":\"https:\/\/i0.wp.com\/ivonavacances.fr\/wp-content\/uploads\/2023\/11\/cropped-logo.png?fit=530%2C530&ssl=1\",\"width\":530,\"height\":530,\"caption\":\"Ivona Vacances\"},\"image\":{\"@id\":\"https:\/\/ivonavacances.fr\/#\/schema\/logo\/image\/\"},\"sameAs\":[\"https:\/\/www.facebook.com\/p\/Les-Cabanes-Ivona-100063381480051\/\",\"https:\/\/www.instagram.com\/ivona_vacances\"]}]}<\/script>\n<!-- \/ Yoast SEO plugin. -->","yoast_head_json":{"title":"Douceurs Bassin -","robots":{"index":"index","follow":"follow","max-snippet":"max-snippet:-1","max-image-preview":"max-image-preview:large","max-video-preview":"max-video-preview:-1"},"canonical":"https:\/\/ivonavacances.fr\/?page_id=105","og_locale":"fr_FR","og_type":"article","og_title":"Douceurs Bassin -","og_description":"Pascal, votre expert en dermocosm\u00e9tique et \u00e9pilation d\u00e9finitive au laser.","og_url":"https:\/\/ivonavacances.fr\/?page_id=105","article_publisher":"https:\/\/www.facebook.com\/p\/Les-Cabanes-Ivona-100063381480051\/","article_modified_time":"2023-11-21T15:13:47+00:00","og_image":[{"width":1920,"height":1080,"url":"https:\/\/ivonavacances.fr\/wp-content\/uploads\/2023\/10\/spa.jpeg","type":"image\/jpeg"}],"twitter_card":"summary_large_image","twitter_misc":{"Dur\u00e9e de lecture estim\u00e9e":"1 minute"},"schema":{"@context":"https:\/\/schema.org","@graph":[{"@type":"WebPage","@id":"https:\/\/ivonavacances.fr\/?page_id=105","url":"https:\/\/ivonavacances.fr\/?page_id=105","name":"Douceurs Bassin -","isPartOf":{"@id":"https:\/\/ivonavacances.fr\/#website"},"primaryImageOfPage":{"@id":"https:\/\/ivonavacances.fr\/?page_id=105#primaryimage"},"image":{"@id":"https:\/\/ivonavacances.fr\/?page_id=105#primaryimage"},"thumbnailUrl":"https:\/\/i0.wp.com\/ivonavacances.fr\/wp-content\/uploads\/2023\/10\/spa.jpeg?fit=1920%2C1080&ssl=1","datePublished":"2017-05-16T18:30:58+00:00","dateModified":"2023-11-21T15:13:47+00:00","breadcrumb":{"@id":"https:\/\/ivonavacances.fr\/?page_id=105#breadcrumb"},"inLanguage":"fr-FR","potentialAction":[{"@type":"ReadAction","target":["https:\/\/ivonavacances.fr\/?page_id=105"]}]},{"@type":"ImageObject","inLanguage":"fr-FR","@id":"https:\/\/ivonavacances.fr\/?page_id=105#primaryimage","url":"https:\/\/i0.wp.com\/ivonavacances.fr\/wp-content\/uploads\/2023\/10\/spa.jpeg?fit=1920%2C1080&ssl=1","contentUrl":"https:\/\/i0.wp.com\/ivonavacances.fr\/wp-content\/uploads\/2023\/10\/spa.jpeg?fit=1920%2C1080&ssl=1","width":1920,"height":1080},{"@type":"BreadcrumbList","@id":"https:\/\/ivonavacances.fr\/?page_id=105#breadcrumb","itemListElement":[{"@type":"ListItem","position":1,"name":"Accueil","item":"https:\/\/ivonavacances.fr\/"},{"@type":"ListItem","position":2,"name":"Activit\u00e9s","item":"https:\/\/ivonavacances.fr\/?page_id=44"},{"@type":"ListItem","position":3,"name":"Douceurs Bassin"}]},{"@type":"WebSite","@id":"https:\/\/ivonavacances.fr\/#website","url":"https:\/\/ivonavacances.fr\/","name":"www.lescabanesivona.fr","description":"Maisons de Vacances \u00e0 louer","publisher":{"@id":"https:\/\/ivonavacances.fr\/#organization"},"potentialAction":[{"@type":"SearchAction","target":{"@type":"EntryPoint","urlTemplate":"https:\/\/ivonavacances.fr\/?s={search_term_string}"},"query-input":{"@type":"PropertyValueSpecification","valueRequired":true,"valueName":"search_term_string"}}],"inLanguage":"fr-FR"},{"@type":"Organization","@id":"https:\/\/ivonavacances.fr\/#organization","name":"Ivona Vacances","url":"https:\/\/ivonavacances.fr\/","logo":{"@type":"ImageObject","inLanguage":"fr-FR","@id":"https:\/\/ivonavacances.fr\/#\/schema\/logo\/image\/","url":"https:\/\/i0.wp.com\/ivonavacances.fr\/wp-content\/uploads\/2023\/11\/cropped-logo.png?fit=530%2C530&ssl=1","contentUrl":"https:\/\/i0.wp.com\/ivonavacances.fr\/wp-content\/uploads\/2023\/11\/cropped-logo.png?fit=530%2C530&ssl=1","width":530,"height":530,"caption":"Ivona Vacances"},"image":{"@id":"https:\/\/ivonavacances.fr\/#\/schema\/logo\/image\/"},"sameAs":["https:\/\/www.facebook.com\/p\/Les-Cabanes-Ivona-100063381480051\/","https:\/\/www.instagram.com\/ivona_vacances"]}]}},"jetpack_sharing_enabled":true,"_links":{"self":[{"href":"https:\/\/ivonavacances.fr\/index.php?rest_route=\/wp\/v2\/pages\/105","targetHints":{"allow":["GET"]}}],"collection":[{"href":"https:\/\/ivonavacances.fr\/index.php?rest_route=\/wp\/v2\/pages"}],"about":[{"href":"https:\/\/ivonavacances.fr\/index.php?rest_route=\/wp\/v2\/types\/page"}],"author":[{"embeddable":true,"href":"https:\/\/ivonavacances.fr\/index.php?rest_route=\/wp\/v2\/users\/1"}],"replies":[{"embeddable":true,"href":"https:\/\/ivonavacances.fr\/index.php?rest_route=%2Fwp%2Fv2%2Fcomments&post=105"}],"version-history":[{"count":11,"href":"https:\/\/ivonavacances.fr\/index.php?rest_route=\/wp\/v2\/pages\/105\/revisions"}],"predecessor-version":[{"id":730,"href":"https:\/\/ivonavacances.fr\/index.php?rest_route=\/wp\/v2\/pages\/105\/revisions\/730"}],"up":[{"embeddable":true,"href":"https:\/\/ivonavacances.fr\/index.php?rest_route=\/wp\/v2\/pages\/44"}],"wp:featuredmedia":[{"embeddable":true,"href":"https:\/\/ivonavacances.fr\/index.php?rest_route=\/wp\/v2\/media\/573"}],"wp:attachment":[{"href":"https:\/\/ivonavacances.fr\/index.php?rest_route=%2Fwp%2Fv2%2Fmedia&parent=105"}],"curies":[{"name":"wp","href":"https:\/\/api.w.org\/{rel}","templated":true}]}}

<p>En tant qu’esthéticien expert, mon engagement est de sublimer votre peau et de vous aider à révéler votre beauté naturelle. Mes soins du visage et du corps sont conçus pour répondre à vos besoins spécifiques, en utilisant des produits de haute qualité et des techniques avancées pour obtenir des résultats visibles et durables. L’épilation définitive au laser est l’une de mes spécialités, vous permettant de dire adieu aux poils indésirables de manière sûre et efficace.</p>
<p>Douceurs Bassin est bien plus qu’un institut de beauté, c’est un lieu où vous pouvez vous recentrer sur votre bien-être et votre beauté intérieure et extérieure. Je serais ravi de vous accueillir et de vous accompagner dans votre parcours vers une peau radieuse et une confiance en vous renouvelée du lundi au samedi en horaires continus.</p>
<p class="p1"><span class="s1">Une remise toute l&rsquo;année à l&rsquo;institut de beauté Douceurs Bassin au Teich (épilation, soins visage ou corps, beauté mains ou pieds&#8230;)</span></p>
<p>[valable sur le Bassin d&rsquo;Arcachon]</p>
<p class="p1"><a href="https://douceursbassin-institutdebeaute.fr/">https://douceursbassin-institutdebeaute.fr/</a><!--more Book Lessons--></p>


<figure class="wp-block-image size-full"><img data-recalc-dims="1" loading="lazy" decoding="async" width="748" height="541" src="https://i0.wp.com/lescabanesivona.fr/wp-content/uploads/2023/10/logo-bassin.png?resize=748%2C541&#038;ssl=1" alt="" class="wp-image-583" srcset="https://i0.wp.com/ivonavacances.fr/wp-content/uploads/2023/10/logo-bassin.png?w=792&amp;ssl=1 792w, https://i0.wp.com/ivonavacances.fr/wp-content/uploads/2023/10/logo-bassin.png?resize=300%2C217&amp;ssl=1 300w, https://i0.wp.com/ivonavacances.fr/wp-content/uploads/2023/10/logo-bassin.png?resize=768%2C556&amp;ssl=1 768w, https://i0.wp.com/ivonavacances.fr/wp-content/uploads/2023/10/logo-bassin.png?resize=774%2C560&amp;ssl=1 774w" sizes="auto, (max-width: 748px) 100vw, 748px" /></figure>

<p>Pascal, votre expert en dermocosmétique et épilation définitive au laser.</p>

<!-- This site is optimized with the Yoast SEO plugin v23.7 - https://yoast.com/wordpress/plugins/seo/ -->
<title>Douceurs Bassin -</title>
<meta name="robots" content="index, follow, max-snippet:-1, max-image-preview:large, max-video-preview:-1" />
<link rel="canonical" href="https://ivonavacances.fr/?page_id=105" />
<meta property="og:locale" content="fr_FR" />
<meta property="og:type" content="article" />
<meta property="og:title" content="Douceurs Bassin -" />
<meta property="og:description" content="Pascal, votre expert en dermocosmétique et épilation définitive au laser." />
<meta property="og:url" content="https://ivonavacances.fr/?page_id=105" />
<meta property="article:publisher" content="https://www.facebook.com/p/Les-Cabanes-Ivona-100063381480051/" />
<meta property="article:modified_time" content="2023-11-21T15:13:47+00:00" />
<meta property="og:image" content="https://ivonavacances.fr/wp-content/uploads/2023/10/spa.jpeg" />
	<meta property="og:image:width" content="1920" />
	<meta property="og:image:height" content="1080" />
	<meta property="og:image:type" content="image/jpeg" />
<meta name="twitter:card" content="summary_large_image" />
<meta name="twitter:label1" content="Durée de lecture estimée" />
	<meta name="twitter:data1" content="1 minute" />
<script type="application/ld+json" class="yoast-schema-graph">{"@context":"https://schema.org","@graph":[{"@type":"WebPage","@id":"https://ivonavacances.fr/?page_id=105","url":"https://ivonavacances.fr/?page_id=105","name":"Douceurs Bassin -","isPartOf":{"@id":"https://ivonavacances.fr/#website"},"primaryImageOfPage":{"@id":"https://ivonavacances.fr/?page_id=105#primaryimage"},"image":{"@id":"https://ivonavacances.fr/?page_id=105#primaryimage"},"thumbnailUrl":"https://i0.wp.com/ivonavacances.fr/wp-content/uploads/2023/10/spa.jpeg?fit=1920%2C1080&ssl=1","datePublished":"2017-05-16T18:30:58+00:00","dateModified":"2023-11-21T15:13:47+00:00","breadcrumb":{"@id":"https://ivonavacances.fr/?page_id=105#breadcrumb"},"inLanguage":"fr-FR","potentialAction":[{"@type":"ReadAction","target":["https://ivonavacances.fr/?page_id=105"]}]},{"@type":"ImageObject","inLanguage":"fr-FR","@id":"https://ivonavacances.fr/?page_id=105#primaryimage","url":"https://i0.wp.com/ivonavacances.fr/wp-content/uploads/2023/10/spa.jpeg?fit=1920%2C1080&ssl=1","contentUrl":"https://i0.wp.com/ivonavacances.fr/wp-content/uploads/2023/10/spa.jpeg?fit=1920%2C1080&ssl=1","width":1920,"height":1080},{"@type":"BreadcrumbList","@id":"https://ivonavacances.fr/?page_id=105#breadcrumb","itemListElement":[{"@type":"ListItem","position":1,"name":"Accueil","item":"https://ivonavacances.fr/"},{"@type":"ListItem","position":2,"name":"Activités","item":"https://ivonavacances.fr/?page_id=44"},{"@type":"ListItem","position":3,"name":"Douceurs Bassin"}]},{"@type":"WebSite","@id":"https://ivonavacances.fr/#website","url":"https://ivonavacances.fr/","name":"www.lescabanesivona.fr","description":"Maisons de Vacances à louer","publisher":{"@id":"https://ivonavacances.fr/#organization"},"potentialAction":[{"@type":"SearchAction","target":{"@type":"EntryPoint","urlTemplate":"https://ivonavacances.fr/?s={search_term_string}"},"query-input":{"@type":"PropertyValueSpecification","valueRequired":true,"valueName":"search_term_string"}}],"inLanguage":"fr-FR"},{"@type":"Organization","@id":"https://ivonavacances.fr/#organization","name":"Ivona Vacances","url":"https://ivonavacances.fr/","logo":{"@type":"ImageObject","inLanguage":"fr-FR","@id":"https://ivonavacances.fr/#/schema/logo/image/","url":"https://i0.wp.com/ivonavacances.fr/wp-content/uploads/2023/11/cropped-logo.png?fit=530%2C530&ssl=1","contentUrl":"https://i0.wp.com/ivonavacances.fr/wp-content/uploads/2023/11/cropped-logo.png?fit=530%2C530&ssl=1","width":530,"height":530,"caption":"Ivona Vacances"},"image":{"@id":"https://ivonavacances.fr/#/schema/logo/image/"},"sameAs":["https://www.facebook.com/p/Les-Cabanes-Ivona-100063381480051/","https://www.instagram.com/ivona_vacances"]}]}</script>
<!-- / Yoast SEO plugin. -->

Pascal, votre expert en dermocosmétique et épilation définitive au laser.

Activités

Maisons de Vacances à louer
