{"id":65,"date":"2017-05-16T14:42:56","date_gmt":"2017-05-16T14:42:56","guid":{"rendered":"http:\/\/themes.getmotopress.com\/oceanica\/?page_id=65"},"modified":"2023-11-11T13:07:57","modified_gmt":"2023-11-11T12:07:57","slug":"yacht-sailing-tour","status":"publish","type":"page","link":"https:\/\/ivonavacances.fr\/?page_id=65","title":{"rendered":"Les g\u00e2teaux de Marie"},"content":{"rendered":"<p class=\"p1\"><em>(valable sur le Bassin d&rsquo;Arcachon)<\/em><\/p>\n<p class=\"p1\">Toute l&rsquo;ann\u00e9e, profitez d&rsquo;un d\u00e9licieux brunch am\u00e9ricain, g\u00e9n\u00e9reux et fait maison ! <strong>20\u20ac par personne<\/strong>, \u00e0 r\u00e9cup\u00e9rer sur le <em>Teich.<\/em><\/p>\n<ul>\n<li class=\"p1\">de la brioche<\/li>\n<li class=\"p1\">des pancakes<\/li>\n<li class=\"p1\">eggs muffins<\/li>\n<li class=\"p1\">cr\u00eapes<\/li>\n<li class=\"p1\">club sandwichs<\/li>\n<li class=\"p1\">yaourts<\/li>\n<li class=\"p1\">jus<\/li>\n<li class=\"p1\">confiture \/ p\u00e2te \u00e0 tartiner<\/li>\n<\/ul>\n<p>\u00a0<\/p>\n<p>B\u00e9n\u00e9ficiez \u00e9galement de remises toutes l&rsquo;ann\u00e9e sur diverses p\u00e2tisseries apr\u00e8s la r\u00e9servation chez Les g\u00e2teaux de Marie !<\/p>\n<p><em>(valable sur le Bassin d&rsquo;Arcachon)<\/em><\/p>\n<p><a href=\"https:\/\/www.instagram.com\/les.gateaux.de.marie\/\">https:\/\/www.instagram.com\/les.gateaux.de.marie\/<\/a><\/p>\n\n\n<figure class=\"wp-block-image size-full\"><img data-recalc-dims=\"1\" loading=\"lazy\" decoding=\"async\" width=\"225\" height=\"225\" src=\"https:\/\/i0.wp.com\/lescabanesivona.fr\/wp-content\/uploads\/2023\/10\/telechargement.jpg?resize=225%2C225&#038;ssl=1\" alt=\"\" class=\"wp-image-588\" srcset=\"https:\/\/i0.wp.com\/ivonavacances.fr\/wp-content\/uploads\/2023\/10\/telechargement.jpg?w=225&amp;ssl=1 225w, https:\/\/i0.wp.com\/ivonavacances.fr\/wp-content\/uploads\/2023\/10\/telechargement.jpg?resize=150%2C150&amp;ssl=1 150w\" sizes=\"auto, (max-width: 225px) 100vw, 225px\" \/><\/figure>\n","protected":false},"excerpt":{"rendered":"<p>Une envie sucr\u00e9e?<\/p>\n","protected":false},"author":1,"featured_media":692,"parent":44,"menu_order":0,"comment_status":"closed","ping_status":"closed","template":"","meta":{"footnotes":""},"class_list":["post-65","page","type-page","status-publish","has-post-thumbnail","hentry"],"yoast_head":"<!-- This site is optimized with the Yoast SEO plugin v23.7 - https:\/\/yoast.com\/wordpress\/plugins\/seo\/ -->\n<title>Les g\u00e2teaux de Marie -<\/title>\n<meta name=\"robots\" content=\"index, follow, max-snippet:-1, max-image-preview:large, max-video-preview:-1\" \/>\n<link rel=\"canonical\" href=\"https:\/\/ivonavacances.fr\/?page_id=65\" \/>\n<meta property=\"og:locale\" content=\"fr_FR\" \/>\n<meta property=\"og:type\" content=\"article\" \/>\n<meta property=\"og:title\" content=\"Les g\u00e2teaux de Marie -\" \/>\n<meta property=\"og:description\" content=\"Une envie sucr\u00e9e?\" \/>\n<meta property=\"og:url\" content=\"https:\/\/ivonavacances.fr\/?page_id=65\" \/>\n<meta property=\"article:publisher\" content=\"https:\/\/www.facebook.com\/p\/Les-Cabanes-Ivona-100063381480051\/\" \/>\n<meta property=\"article:modified_time\" content=\"2023-11-11T12:07:57+00:00\" \/>\n<meta property=\"og:image\" content=\"https:\/\/ivonavacances.fr\/wp-content\/uploads\/2023\/11\/Montage-photo-de-mode-homme-tissu-vestimentaire-marron-2-1024x819.png\" \/>\n\t<meta property=\"og:image:width\" content=\"1024\" \/>\n\t<meta property=\"og:image:height\" content=\"819\" \/>\n\t<meta property=\"og:image:type\" content=\"image\/png\" \/>\n<meta name=\"twitter:card\" content=\"summary_large_image\" \/>\n<script type=\"application\/ld+json\" class=\"yoast-schema-graph\">{\"@context\":\"https:\/\/schema.org\",\"@graph\":[{\"@type\":\"WebPage\",\"@id\":\"https:\/\/ivonavacances.fr\/?page_id=65\",\"url\":\"https:\/\/ivonavacances.fr\/?page_id=65\",\"name\":\"Les g\u00e2teaux de Marie -\",\"isPartOf\":{\"@id\":\"https:\/\/ivonavacances.fr\/#website\"},\"primaryImageOfPage\":{\"@id\":\"https:\/\/ivonavacances.fr\/?page_id=65#primaryimage\"},\"image\":{\"@id\":\"https:\/\/ivonavacances.fr\/?page_id=65#primaryimage\"},\"thumbnailUrl\":\"https:\/\/i0.wp.com\/ivonavacances.fr\/wp-content\/uploads\/2023\/11\/Montage-photo-de-mode-homme-tissu-vestimentaire-marron-2.png?fit=2000%2C1600&ssl=1\",\"datePublished\":\"2017-05-16T14:42:56+00:00\",\"dateModified\":\"2023-11-11T12:07:57+00:00\",\"breadcrumb\":{\"@id\":\"https:\/\/ivonavacances.fr\/?page_id=65#breadcrumb\"},\"inLanguage\":\"fr-FR\",\"potentialAction\":[{\"@type\":\"ReadAction\",\"target\":[\"https:\/\/ivonavacances.fr\/?page_id=65\"]}]},{\"@type\":\"ImageObject\",\"inLanguage\":\"fr-FR\",\"@id\":\"https:\/\/ivonavacances.fr\/?page_id=65#primaryimage\",\"url\":\"https:\/\/i0.wp.com\/ivonavacances.fr\/wp-content\/uploads\/2023\/11\/Montage-photo-de-mode-homme-tissu-vestimentaire-marron-2.png?fit=2000%2C1600&ssl=1\",\"contentUrl\":\"https:\/\/i0.wp.com\/ivonavacances.fr\/wp-content\/uploads\/2023\/11\/Montage-photo-de-mode-homme-tissu-vestimentaire-marron-2.png?fit=2000%2C1600&ssl=1\",\"width\":2000,\"height\":1600},{\"@type\":\"BreadcrumbList\",\"@id\":\"https:\/\/ivonavacances.fr\/?page_id=65#breadcrumb\",\"itemListElement\":[{\"@type\":\"ListItem\",\"position\":1,\"name\":\"Accueil\",\"item\":\"https:\/\/ivonavacances.fr\/\"},{\"@type\":\"ListItem\",\"position\":2,\"name\":\"Activit\u00e9s\",\"item\":\"https:\/\/ivonavacances.fr\/?page_id=44\"},{\"@type\":\"ListItem\",\"position\":3,\"name\":\"Les g\u00e2teaux de Marie\"}]},{\"@type\":\"WebSite\",\"@id\":\"https:\/\/ivonavacances.fr\/#website\",\"url\":\"https:\/\/ivonavacances.fr\/\",\"name\":\"www.lescabanesivona.fr\",\"description\":\"Maisons de Vacances \u00e0 louer\",\"publisher\":{\"@id\":\"https:\/\/ivonavacances.fr\/#organization\"},\"potentialAction\":[{\"@type\":\"SearchAction\",\"target\":{\"@type\":\"EntryPoint\",\"urlTemplate\":\"https:\/\/ivonavacances.fr\/?s={search_term_string}\"},\"query-input\":{\"@type\":\"PropertyValueSpecification\",\"valueRequired\":true,\"valueName\":\"search_term_string\"}}],\"inLanguage\":\"fr-FR\"},{\"@type\":\"Organization\",\"@id\":\"https:\/\/ivonavacances.fr\/#organization\",\"name\":\"Ivona Vacances\",\"url\":\"https:\/\/ivonavacances.fr\/\",\"logo\":{\"@type\":\"ImageObject\",\"inLanguage\":\"fr-FR\",\"@id\":\"https:\/\/ivonavacances.fr\/#\/schema\/logo\/image\/\",\"url\":\"https:\/\/i0.wp.com\/ivonavacances.fr\/wp-content\/uploads\/2023\/11\/cropped-logo.png?fit=530%2C530&ssl=1\",\"contentUrl\":\"https:\/\/i0.wp.com\/ivonavacances.fr\/wp-content\/uploads\/2023\/11\/cropped-logo.png?fit=530%2C530&ssl=1\",\"width\":530,\"height\":530,\"caption\":\"Ivona Vacances\"},\"image\":{\"@id\":\"https:\/\/ivonavacances.fr\/#\/schema\/logo\/image\/\"},\"sameAs\":[\"https:\/\/www.facebook.com\/p\/Les-Cabanes-Ivona-100063381480051\/\",\"https:\/\/www.instagram.com\/ivona_vacances\"]}]}<\/script>\n<!-- \/ Yoast SEO plugin. -->","yoast_head_json":{"title":"Les g\u00e2teaux de Marie -","robots":{"index":"index","follow":"follow","max-snippet":"max-snippet:-1","max-image-preview":"max-image-preview:large","max-video-preview":"max-video-preview:-1"},"canonical":"https:\/\/ivonavacances.fr\/?page_id=65","og_locale":"fr_FR","og_type":"article","og_title":"Les g\u00e2teaux de Marie -","og_description":"Une envie sucr\u00e9e?","og_url":"https:\/\/ivonavacances.fr\/?page_id=65","article_publisher":"https:\/\/www.facebook.com\/p\/Les-Cabanes-Ivona-100063381480051\/","article_modified_time":"2023-11-11T12:07:57+00:00","og_image":[{"width":1024,"height":819,"url":"https:\/\/ivonavacances.fr\/wp-content\/uploads\/2023\/11\/Montage-photo-de-mode-homme-tissu-vestimentaire-marron-2-1024x819.png","type":"image\/png"}],"twitter_card":"summary_large_image","schema":{"@context":"https:\/\/schema.org","@graph":[{"@type":"WebPage","@id":"https:\/\/ivonavacances.fr\/?page_id=65","url":"https:\/\/ivonavacances.fr\/?page_id=65","name":"Les g\u00e2teaux de Marie -","isPartOf":{"@id":"https:\/\/ivonavacances.fr\/#website"},"primaryImageOfPage":{"@id":"https:\/\/ivonavacances.fr\/?page_id=65#primaryimage"},"image":{"@id":"https:\/\/ivonavacances.fr\/?page_id=65#primaryimage"},"thumbnailUrl":"https:\/\/i0.wp.com\/ivonavacances.fr\/wp-content\/uploads\/2023\/11\/Montage-photo-de-mode-homme-tissu-vestimentaire-marron-2.png?fit=2000%2C1600&ssl=1","datePublished":"2017-05-16T14:42:56+00:00","dateModified":"2023-11-11T12:07:57+00:00","breadcrumb":{"@id":"https:\/\/ivonavacances.fr\/?page_id=65#breadcrumb"},"inLanguage":"fr-FR","potentialAction":[{"@type":"ReadAction","target":["https:\/\/ivonavacances.fr\/?page_id=65"]}]},{"@type":"ImageObject","inLanguage":"fr-FR","@id":"https:\/\/ivonavacances.fr\/?page_id=65#primaryimage","url":"https:\/\/i0.wp.com\/ivonavacances.fr\/wp-content\/uploads\/2023\/11\/Montage-photo-de-mode-homme-tissu-vestimentaire-marron-2.png?fit=2000%2C1600&ssl=1","contentUrl":"https:\/\/i0.wp.com\/ivonavacances.fr\/wp-content\/uploads\/2023\/11\/Montage-photo-de-mode-homme-tissu-vestimentaire-marron-2.png?fit=2000%2C1600&ssl=1","width":2000,"height":1600},{"@type":"BreadcrumbList","@id":"https:\/\/ivonavacances.fr\/?page_id=65#breadcrumb","itemListElement":[{"@type":"ListItem","position":1,"name":"Accueil","item":"https:\/\/ivonavacances.fr\/"},{"@type":"ListItem","position":2,"name":"Activit\u00e9s","item":"https:\/\/ivonavacances.fr\/?page_id=44"},{"@type":"ListItem","position":3,"name":"Les g\u00e2teaux de Marie"}]},{"@type":"WebSite","@id":"https:\/\/ivonavacances.fr\/#website","url":"https:\/\/ivonavacances.fr\/","name":"www.lescabanesivona.fr","description":"Maisons de Vacances \u00e0 louer","publisher":{"@id":"https:\/\/ivonavacances.fr\/#organization"},"potentialAction":[{"@type":"SearchAction","target":{"@type":"EntryPoint","urlTemplate":"https:\/\/ivonavacances.fr\/?s={search_term_string}"},"query-input":{"@type":"PropertyValueSpecification","valueRequired":true,"valueName":"search_term_string"}}],"inLanguage":"fr-FR"},{"@type":"Organization","@id":"https:\/\/ivonavacances.fr\/#organization","name":"Ivona Vacances","url":"https:\/\/ivonavacances.fr\/","logo":{"@type":"ImageObject","inLanguage":"fr-FR","@id":"https:\/\/ivonavacances.fr\/#\/schema\/logo\/image\/","url":"https:\/\/i0.wp.com\/ivonavacances.fr\/wp-content\/uploads\/2023\/11\/cropped-logo.png?fit=530%2C530&ssl=1","contentUrl":"https:\/\/i0.wp.com\/ivonavacances.fr\/wp-content\/uploads\/2023\/11\/cropped-logo.png?fit=530%2C530&ssl=1","width":530,"height":530,"caption":"Ivona Vacances"},"image":{"@id":"https:\/\/ivonavacances.fr\/#\/schema\/logo\/image\/"},"sameAs":["https:\/\/www.facebook.com\/p\/Les-Cabanes-Ivona-100063381480051\/","https:\/\/www.instagram.com\/ivona_vacances"]}]}},"jetpack_sharing_enabled":true,"_links":{"self":[{"href":"https:\/\/ivonavacances.fr\/index.php?rest_route=\/wp\/v2\/pages\/65","targetHints":{"allow":["GET"]}}],"collection":[{"href":"https:\/\/ivonavacances.fr\/index.php?rest_route=\/wp\/v2\/pages"}],"about":[{"href":"https:\/\/ivonavacances.fr\/index.php?rest_route=\/wp\/v2\/types\/page"}],"author":[{"embeddable":true,"href":"https:\/\/ivonavacances.fr\/index.php?rest_route=\/wp\/v2\/users\/1"}],"replies":[{"embeddable":true,"href":"https:\/\/ivonavacances.fr\/index.php?rest_route=%2Fwp%2Fv2%2Fcomments&post=65"}],"version-history":[{"count":5,"href":"https:\/\/ivonavacances.fr\/index.php?rest_route=\/wp\/v2\/pages\/65\/revisions"}],"predecessor-version":[{"id":694,"href":"https:\/\/ivonavacances.fr\/index.php?rest_route=\/wp\/v2\/pages\/65\/revisions\/694"}],"up":[{"embeddable":true,"href":"https:\/\/ivonavacances.fr\/index.php?rest_route=\/wp\/v2\/pages\/44"}],"wp:featuredmedia":[{"embeddable":true,"href":"https:\/\/ivonavacances.fr\/index.php?rest_route=\/wp\/v2\/media\/692"}],"wp:attachment":[{"href":"https:\/\/ivonavacances.fr\/index.php?rest_route=%2Fwp%2Fv2%2Fmedia&parent=65"}],"curies":[{"name":"wp","href":"https:\/\/api.w.org\/{rel}","templated":true}]}}

Les gâteaux de Marie

<p class="p1"><em>(valable sur le Bassin d&rsquo;Arcachon)</em></p>
<p class="p1">Toute l&rsquo;année, profitez d&rsquo;un délicieux brunch américain, généreux et fait maison ! <strong>20€ par personne</strong>, à récupérer sur le <em>Teich.</em></p>
<ul>
<li class="p1">de la brioche</li>
<li class="p1">des pancakes</li>
<li class="p1">eggs muffins</li>
<li class="p1">crêpes</li>
<li class="p1">club sandwichs</li>
<li class="p1">yaourts</li>
<li class="p1">jus</li>
<li class="p1">confiture / pâte à tartiner</li>
</ul>
<p> </p>
<p>Bénéficiez également de remises toutes l&rsquo;année sur diverses pâtisseries après la réservation chez Les gâteaux de Marie !</p>
<p><em>(valable sur le Bassin d&rsquo;Arcachon)</em></p>
<p><a href="https://www.instagram.com/les.gateaux.de.marie/">https://www.instagram.com/les.gateaux.de.marie/</a></p>


<figure class="wp-block-image size-full"><img data-recalc-dims="1" loading="lazy" decoding="async" width="225" height="225" src="https://i0.wp.com/lescabanesivona.fr/wp-content/uploads/2023/10/telechargement.jpg?resize=225%2C225&#038;ssl=1" alt="" class="wp-image-588" srcset="https://i0.wp.com/ivonavacances.fr/wp-content/uploads/2023/10/telechargement.jpg?w=225&amp;ssl=1 225w, https://i0.wp.com/ivonavacances.fr/wp-content/uploads/2023/10/telechargement.jpg?resize=150%2C150&amp;ssl=1 150w" sizes="auto, (max-width: 225px) 100vw, 225px" /></figure>

<p>Une envie sucrée?</p>

<!-- This site is optimized with the Yoast SEO plugin v23.7 - https://yoast.com/wordpress/plugins/seo/ -->
<title>Les gâteaux de Marie -</title>
<meta name="robots" content="index, follow, max-snippet:-1, max-image-preview:large, max-video-preview:-1" />
<link rel="canonical" href="https://ivonavacances.fr/?page_id=65" />
<meta property="og:locale" content="fr_FR" />
<meta property="og:type" content="article" />
<meta property="og:title" content="Les gâteaux de Marie -" />
<meta property="og:description" content="Une envie sucrée?" />
<meta property="og:url" content="https://ivonavacances.fr/?page_id=65" />
<meta property="article:publisher" content="https://www.facebook.com/p/Les-Cabanes-Ivona-100063381480051/" />
<meta property="article:modified_time" content="2023-11-11T12:07:57+00:00" />
<meta property="og:image" content="https://ivonavacances.fr/wp-content/uploads/2023/11/Montage-photo-de-mode-homme-tissu-vestimentaire-marron-2-1024x819.png" />
	<meta property="og:image:width" content="1024" />
	<meta property="og:image:height" content="819" />
	<meta property="og:image:type" content="image/png" />
<meta name="twitter:card" content="summary_large_image" />
<script type="application/ld+json" class="yoast-schema-graph">{"@context":"https://schema.org","@graph":[{"@type":"WebPage","@id":"https://ivonavacances.fr/?page_id=65","url":"https://ivonavacances.fr/?page_id=65","name":"Les gâteaux de Marie -","isPartOf":{"@id":"https://ivonavacances.fr/#website"},"primaryImageOfPage":{"@id":"https://ivonavacances.fr/?page_id=65#primaryimage"},"image":{"@id":"https://ivonavacances.fr/?page_id=65#primaryimage"},"thumbnailUrl":"https://i0.wp.com/ivonavacances.fr/wp-content/uploads/2023/11/Montage-photo-de-mode-homme-tissu-vestimentaire-marron-2.png?fit=2000%2C1600&ssl=1","datePublished":"2017-05-16T14:42:56+00:00","dateModified":"2023-11-11T12:07:57+00:00","breadcrumb":{"@id":"https://ivonavacances.fr/?page_id=65#breadcrumb"},"inLanguage":"fr-FR","potentialAction":[{"@type":"ReadAction","target":["https://ivonavacances.fr/?page_id=65"]}]},{"@type":"ImageObject","inLanguage":"fr-FR","@id":"https://ivonavacances.fr/?page_id=65#primaryimage","url":"https://i0.wp.com/ivonavacances.fr/wp-content/uploads/2023/11/Montage-photo-de-mode-homme-tissu-vestimentaire-marron-2.png?fit=2000%2C1600&ssl=1","contentUrl":"https://i0.wp.com/ivonavacances.fr/wp-content/uploads/2023/11/Montage-photo-de-mode-homme-tissu-vestimentaire-marron-2.png?fit=2000%2C1600&ssl=1","width":2000,"height":1600},{"@type":"BreadcrumbList","@id":"https://ivonavacances.fr/?page_id=65#breadcrumb","itemListElement":[{"@type":"ListItem","position":1,"name":"Accueil","item":"https://ivonavacances.fr/"},{"@type":"ListItem","position":2,"name":"Activités","item":"https://ivonavacances.fr/?page_id=44"},{"@type":"ListItem","position":3,"name":"Les gâteaux de Marie"}]},{"@type":"WebSite","@id":"https://ivonavacances.fr/#website","url":"https://ivonavacances.fr/","name":"www.lescabanesivona.fr","description":"Maisons de Vacances à louer","publisher":{"@id":"https://ivonavacances.fr/#organization"},"potentialAction":[{"@type":"SearchAction","target":{"@type":"EntryPoint","urlTemplate":"https://ivonavacances.fr/?s={search_term_string}"},"query-input":{"@type":"PropertyValueSpecification","valueRequired":true,"valueName":"search_term_string"}}],"inLanguage":"fr-FR"},{"@type":"Organization","@id":"https://ivonavacances.fr/#organization","name":"Ivona Vacances","url":"https://ivonavacances.fr/","logo":{"@type":"ImageObject","inLanguage":"fr-FR","@id":"https://ivonavacances.fr/#/schema/logo/image/","url":"https://i0.wp.com/ivonavacances.fr/wp-content/uploads/2023/11/cropped-logo.png?fit=530%2C530&ssl=1","contentUrl":"https://i0.wp.com/ivonavacances.fr/wp-content/uploads/2023/11/cropped-logo.png?fit=530%2C530&ssl=1","width":530,"height":530,"caption":"Ivona Vacances"},"image":{"@id":"https://ivonavacances.fr/#/schema/logo/image/"},"sameAs":["https://www.facebook.com/p/Les-Cabanes-Ivona-100063381480051/","https://www.instagram.com/ivona_vacances"]}]}</script>
<!-- / Yoast SEO plugin. -->

Les gâteaux de Marie -

Une envie sucrée?

Activités

Maisons de Vacances à louer
