{"id":67,"date":"2017-05-16T14:43:48","date_gmt":"2017-05-16T14:43:48","guid":{"rendered":"http:\/\/themes.getmotopress.com\/oceanica\/?page_id=67"},"modified":"2023-10-14T12:23:38","modified_gmt":"2023-10-14T10:23:38","slug":"air-balloon-excursion","status":"publish","type":"page","link":"https:\/\/ivonavacances.fr\/?page_id=67","title":{"rendered":"Location de v\u00e9los"},"content":{"rendered":"<p class=\"p1\"><span class=\"s1\">Pour des v\u00e9los livr\u00e9s \u00e0 domicile, \u00e0 partir de 15\u20ac\/jour, 5\u20ac de remise d\u00e8s 3 jours de locations de 2 velos.\u00a0<\/span><\/p>\n<p>[valable sur le Bassin d&rsquo;Arcachon]<\/p>\n<p><!--more--><\/p>\n","protected":false},"excerpt":{"rendered":"<p>Pour des v\u00e9los livr\u00e9s \u00e0 domicile, \u00e0 partir de 15\u20ac\/jour, 5\u20ac de remise d\u00e8s 3 jours de locations de 2 velos.\u00a0 [valable sur le Bassin d&rsquo;Arcachon]<\/p>\n","protected":false},"author":1,"featured_media":439,"parent":44,"menu_order":0,"comment_status":"closed","ping_status":"closed","template":"","meta":{"footnotes":""},"class_list":["post-67","page","type-page","status-publish","has-post-thumbnail","hentry"],"yoast_head":"<!-- This site is optimized with the Yoast SEO plugin v23.7 - https:\/\/yoast.com\/wordpress\/plugins\/seo\/ -->\n<title>Location de v\u00e9los -<\/title>\n<meta name=\"robots\" content=\"index, follow, max-snippet:-1, max-image-preview:large, max-video-preview:-1\" \/>\n<link rel=\"canonical\" href=\"https:\/\/ivonavacances.fr\/?page_id=67\" \/>\n<meta property=\"og:locale\" content=\"fr_FR\" \/>\n<meta property=\"og:type\" content=\"article\" \/>\n<meta property=\"og:title\" content=\"Location de v\u00e9los -\" \/>\n<meta property=\"og:description\" content=\"Pour des v\u00e9los livr\u00e9s \u00e0 domicile, \u00e0 partir de 15\u20ac\/jour, 5\u20ac de remise d\u00e8s 3 jours de locations de 2 velos.\u00a0 [valable sur le Bassin d&rsquo;Arcachon]\" \/>\n<meta property=\"og:url\" content=\"https:\/\/ivonavacances.fr\/?page_id=67\" \/>\n<meta property=\"article:publisher\" content=\"https:\/\/www.facebook.com\/p\/Les-Cabanes-Ivona-100063381480051\/\" \/>\n<meta property=\"article:modified_time\" content=\"2023-10-14T10:23:38+00:00\" \/>\n<meta property=\"og:image\" content=\"https:\/\/ivonavacances.fr\/wp-content\/uploads\/2023\/10\/velo.jpeg\" \/>\n\t<meta property=\"og:image:width\" content=\"2048\" \/>\n\t<meta property=\"og:image:height\" content=\"1365\" \/>\n\t<meta property=\"og:image:type\" content=\"image\/jpeg\" \/>\n<meta name=\"twitter:card\" content=\"summary_large_image\" \/>\n<script type=\"application\/ld+json\" class=\"yoast-schema-graph\">{\"@context\":\"https:\/\/schema.org\",\"@graph\":[{\"@type\":\"WebPage\",\"@id\":\"https:\/\/ivonavacances.fr\/?page_id=67\",\"url\":\"https:\/\/ivonavacances.fr\/?page_id=67\",\"name\":\"Location de v\u00e9los -\",\"isPartOf\":{\"@id\":\"https:\/\/ivonavacances.fr\/#website\"},\"primaryImageOfPage\":{\"@id\":\"https:\/\/ivonavacances.fr\/?page_id=67#primaryimage\"},\"image\":{\"@id\":\"https:\/\/ivonavacances.fr\/?page_id=67#primaryimage\"},\"thumbnailUrl\":\"https:\/\/i0.wp.com\/ivonavacances.fr\/wp-content\/uploads\/2023\/10\/velo.jpeg?fit=2048%2C1365&ssl=1\",\"datePublished\":\"2017-05-16T14:43:48+00:00\",\"dateModified\":\"2023-10-14T10:23:38+00:00\",\"breadcrumb\":{\"@id\":\"https:\/\/ivonavacances.fr\/?page_id=67#breadcrumb\"},\"inLanguage\":\"fr-FR\",\"potentialAction\":[{\"@type\":\"ReadAction\",\"target\":[\"https:\/\/ivonavacances.fr\/?page_id=67\"]}]},{\"@type\":\"ImageObject\",\"inLanguage\":\"fr-FR\",\"@id\":\"https:\/\/ivonavacances.fr\/?page_id=67#primaryimage\",\"url\":\"https:\/\/i0.wp.com\/ivonavacances.fr\/wp-content\/uploads\/2023\/10\/velo.jpeg?fit=2048%2C1365&ssl=1\",\"contentUrl\":\"https:\/\/i0.wp.com\/ivonavacances.fr\/wp-content\/uploads\/2023\/10\/velo.jpeg?fit=2048%2C1365&ssl=1\",\"width\":2048,\"height\":1365},{\"@type\":\"BreadcrumbList\",\"@id\":\"https:\/\/ivonavacances.fr\/?page_id=67#breadcrumb\",\"itemListElement\":[{\"@type\":\"ListItem\",\"position\":1,\"name\":\"Accueil\",\"item\":\"https:\/\/ivonavacances.fr\/\"},{\"@type\":\"ListItem\",\"position\":2,\"name\":\"Activit\u00e9s\",\"item\":\"https:\/\/ivonavacances.fr\/?page_id=44\"},{\"@type\":\"ListItem\",\"position\":3,\"name\":\"Location de v\u00e9los\"}]},{\"@type\":\"WebSite\",\"@id\":\"https:\/\/ivonavacances.fr\/#website\",\"url\":\"https:\/\/ivonavacances.fr\/\",\"name\":\"www.lescabanesivona.fr\",\"description\":\"Maisons de Vacances \u00e0 louer\",\"publisher\":{\"@id\":\"https:\/\/ivonavacances.fr\/#organization\"},\"potentialAction\":[{\"@type\":\"SearchAction\",\"target\":{\"@type\":\"EntryPoint\",\"urlTemplate\":\"https:\/\/ivonavacances.fr\/?s={search_term_string}\"},\"query-input\":{\"@type\":\"PropertyValueSpecification\",\"valueRequired\":true,\"valueName\":\"search_term_string\"}}],\"inLanguage\":\"fr-FR\"},{\"@type\":\"Organization\",\"@id\":\"https:\/\/ivonavacances.fr\/#organization\",\"name\":\"Ivona Vacances\",\"url\":\"https:\/\/ivonavacances.fr\/\",\"logo\":{\"@type\":\"ImageObject\",\"inLanguage\":\"fr-FR\",\"@id\":\"https:\/\/ivonavacances.fr\/#\/schema\/logo\/image\/\",\"url\":\"https:\/\/i0.wp.com\/ivonavacances.fr\/wp-content\/uploads\/2023\/11\/cropped-logo.png?fit=530%2C530&ssl=1\",\"contentUrl\":\"https:\/\/i0.wp.com\/ivonavacances.fr\/wp-content\/uploads\/2023\/11\/cropped-logo.png?fit=530%2C530&ssl=1\",\"width\":530,\"height\":530,\"caption\":\"Ivona Vacances\"},\"image\":{\"@id\":\"https:\/\/ivonavacances.fr\/#\/schema\/logo\/image\/\"},\"sameAs\":[\"https:\/\/www.facebook.com\/p\/Les-Cabanes-Ivona-100063381480051\/\",\"https:\/\/www.instagram.com\/ivona_vacances\"]}]}<\/script>\n<!-- \/ Yoast SEO plugin. -->","yoast_head_json":{"title":"Location de v\u00e9los -","robots":{"index":"index","follow":"follow","max-snippet":"max-snippet:-1","max-image-preview":"max-image-preview:large","max-video-preview":"max-video-preview:-1"},"canonical":"https:\/\/ivonavacances.fr\/?page_id=67","og_locale":"fr_FR","og_type":"article","og_title":"Location de v\u00e9los -","og_description":"Pour des v\u00e9los livr\u00e9s \u00e0 domicile, \u00e0 partir de 15\u20ac\/jour, 5\u20ac de remise d\u00e8s 3 jours de locations de 2 velos.\u00a0 [valable sur le Bassin d&rsquo;Arcachon]","og_url":"https:\/\/ivonavacances.fr\/?page_id=67","article_publisher":"https:\/\/www.facebook.com\/p\/Les-Cabanes-Ivona-100063381480051\/","article_modified_time":"2023-10-14T10:23:38+00:00","og_image":[{"width":2048,"height":1365,"url":"https:\/\/ivonavacances.fr\/wp-content\/uploads\/2023\/10\/velo.jpeg","type":"image\/jpeg"}],"twitter_card":"summary_large_image","schema":{"@context":"https:\/\/schema.org","@graph":[{"@type":"WebPage","@id":"https:\/\/ivonavacances.fr\/?page_id=67","url":"https:\/\/ivonavacances.fr\/?page_id=67","name":"Location de v\u00e9los -","isPartOf":{"@id":"https:\/\/ivonavacances.fr\/#website"},"primaryImageOfPage":{"@id":"https:\/\/ivonavacances.fr\/?page_id=67#primaryimage"},"image":{"@id":"https:\/\/ivonavacances.fr\/?page_id=67#primaryimage"},"thumbnailUrl":"https:\/\/i0.wp.com\/ivonavacances.fr\/wp-content\/uploads\/2023\/10\/velo.jpeg?fit=2048%2C1365&ssl=1","datePublished":"2017-05-16T14:43:48+00:00","dateModified":"2023-10-14T10:23:38+00:00","breadcrumb":{"@id":"https:\/\/ivonavacances.fr\/?page_id=67#breadcrumb"},"inLanguage":"fr-FR","potentialAction":[{"@type":"ReadAction","target":["https:\/\/ivonavacances.fr\/?page_id=67"]}]},{"@type":"ImageObject","inLanguage":"fr-FR","@id":"https:\/\/ivonavacances.fr\/?page_id=67#primaryimage","url":"https:\/\/i0.wp.com\/ivonavacances.fr\/wp-content\/uploads\/2023\/10\/velo.jpeg?fit=2048%2C1365&ssl=1","contentUrl":"https:\/\/i0.wp.com\/ivonavacances.fr\/wp-content\/uploads\/2023\/10\/velo.jpeg?fit=2048%2C1365&ssl=1","width":2048,"height":1365},{"@type":"BreadcrumbList","@id":"https:\/\/ivonavacances.fr\/?page_id=67#breadcrumb","itemListElement":[{"@type":"ListItem","position":1,"name":"Accueil","item":"https:\/\/ivonavacances.fr\/"},{"@type":"ListItem","position":2,"name":"Activit\u00e9s","item":"https:\/\/ivonavacances.fr\/?page_id=44"},{"@type":"ListItem","position":3,"name":"Location de v\u00e9los"}]},{"@type":"WebSite","@id":"https:\/\/ivonavacances.fr\/#website","url":"https:\/\/ivonavacances.fr\/","name":"www.lescabanesivona.fr","description":"Maisons de Vacances \u00e0 louer","publisher":{"@id":"https:\/\/ivonavacances.fr\/#organization"},"potentialAction":[{"@type":"SearchAction","target":{"@type":"EntryPoint","urlTemplate":"https:\/\/ivonavacances.fr\/?s={search_term_string}"},"query-input":{"@type":"PropertyValueSpecification","valueRequired":true,"valueName":"search_term_string"}}],"inLanguage":"fr-FR"},{"@type":"Organization","@id":"https:\/\/ivonavacances.fr\/#organization","name":"Ivona Vacances","url":"https:\/\/ivonavacances.fr\/","logo":{"@type":"ImageObject","inLanguage":"fr-FR","@id":"https:\/\/ivonavacances.fr\/#\/schema\/logo\/image\/","url":"https:\/\/i0.wp.com\/ivonavacances.fr\/wp-content\/uploads\/2023\/11\/cropped-logo.png?fit=530%2C530&ssl=1","contentUrl":"https:\/\/i0.wp.com\/ivonavacances.fr\/wp-content\/uploads\/2023\/11\/cropped-logo.png?fit=530%2C530&ssl=1","width":530,"height":530,"caption":"Ivona Vacances"},"image":{"@id":"https:\/\/ivonavacances.fr\/#\/schema\/logo\/image\/"},"sameAs":["https:\/\/www.facebook.com\/p\/Les-Cabanes-Ivona-100063381480051\/","https:\/\/www.instagram.com\/ivona_vacances"]}]}},"jetpack_sharing_enabled":true,"_links":{"self":[{"href":"https:\/\/ivonavacances.fr\/index.php?rest_route=\/wp\/v2\/pages\/67","targetHints":{"allow":["GET"]}}],"collection":[{"href":"https:\/\/ivonavacances.fr\/index.php?rest_route=\/wp\/v2\/pages"}],"about":[{"href":"https:\/\/ivonavacances.fr\/index.php?rest_route=\/wp\/v2\/types\/page"}],"author":[{"embeddable":true,"href":"https:\/\/ivonavacances.fr\/index.php?rest_route=\/wp\/v2\/users\/1"}],"replies":[{"embeddable":true,"href":"https:\/\/ivonavacances.fr\/index.php?rest_route=%2Fwp%2Fv2%2Fcomments&post=67"}],"version-history":[{"count":4,"href":"https:\/\/ivonavacances.fr\/index.php?rest_route=\/wp\/v2\/pages\/67\/revisions"}],"predecessor-version":[{"id":598,"href":"https:\/\/ivonavacances.fr\/index.php?rest_route=\/wp\/v2\/pages\/67\/revisions\/598"}],"up":[{"embeddable":true,"href":"https:\/\/ivonavacances.fr\/index.php?rest_route=\/wp\/v2\/pages\/44"}],"wp:featuredmedia":[{"embeddable":true,"href":"https:\/\/ivonavacances.fr\/index.php?rest_route=\/wp\/v2\/media\/439"}],"wp:attachment":[{"href":"https:\/\/ivonavacances.fr\/index.php?rest_route=%2Fwp%2Fv2%2Fmedia&parent=67"}],"curies":[{"name":"wp","href":"https:\/\/api.w.org\/{rel}","templated":true}]}}

Location de vélos

<p class="p1"><span class="s1">Pour des vélos livrés à domicile, à partir de 15€/jour, 5€ de remise dès 3 jours de locations de 2 velos. </span></p>
<p>[valable sur le Bassin d&rsquo;Arcachon]</p>
<p><!--more--></p>

<p>Pour des vélos livrés à domicile, à partir de 15€/jour, 5€ de remise dès 3 jours de locations de 2 velos.  [valable sur le Bassin d&rsquo;Arcachon]</p>

<!-- This site is optimized with the Yoast SEO plugin v23.7 - https://yoast.com/wordpress/plugins/seo/ -->
<title>Location de vélos -</title>
<meta name="robots" content="index, follow, max-snippet:-1, max-image-preview:large, max-video-preview:-1" />
<link rel="canonical" href="https://ivonavacances.fr/?page_id=67" />
<meta property="og:locale" content="fr_FR" />
<meta property="og:type" content="article" />
<meta property="og:title" content="Location de vélos -" />
<meta property="og:description" content="Pour des vélos livrés à domicile, à partir de 15€/jour, 5€ de remise dès 3 jours de locations de 2 velos.  [valable sur le Bassin d&rsquo;Arcachon]" />
<meta property="og:url" content="https://ivonavacances.fr/?page_id=67" />
<meta property="article:publisher" content="https://www.facebook.com/p/Les-Cabanes-Ivona-100063381480051/" />
<meta property="article:modified_time" content="2023-10-14T10:23:38+00:00" />
<meta property="og:image" content="https://ivonavacances.fr/wp-content/uploads/2023/10/velo.jpeg" />
	<meta property="og:image:width" content="2048" />
	<meta property="og:image:height" content="1365" />
	<meta property="og:image:type" content="image/jpeg" />
<meta name="twitter:card" content="summary_large_image" />
<script type="application/ld+json" class="yoast-schema-graph">{"@context":"https://schema.org","@graph":[{"@type":"WebPage","@id":"https://ivonavacances.fr/?page_id=67","url":"https://ivonavacances.fr/?page_id=67","name":"Location de vélos -","isPartOf":{"@id":"https://ivonavacances.fr/#website"},"primaryImageOfPage":{"@id":"https://ivonavacances.fr/?page_id=67#primaryimage"},"image":{"@id":"https://ivonavacances.fr/?page_id=67#primaryimage"},"thumbnailUrl":"https://i0.wp.com/ivonavacances.fr/wp-content/uploads/2023/10/velo.jpeg?fit=2048%2C1365&ssl=1","datePublished":"2017-05-16T14:43:48+00:00","dateModified":"2023-10-14T10:23:38+00:00","breadcrumb":{"@id":"https://ivonavacances.fr/?page_id=67#breadcrumb"},"inLanguage":"fr-FR","potentialAction":[{"@type":"ReadAction","target":["https://ivonavacances.fr/?page_id=67"]}]},{"@type":"ImageObject","inLanguage":"fr-FR","@id":"https://ivonavacances.fr/?page_id=67#primaryimage","url":"https://i0.wp.com/ivonavacances.fr/wp-content/uploads/2023/10/velo.jpeg?fit=2048%2C1365&ssl=1","contentUrl":"https://i0.wp.com/ivonavacances.fr/wp-content/uploads/2023/10/velo.jpeg?fit=2048%2C1365&ssl=1","width":2048,"height":1365},{"@type":"BreadcrumbList","@id":"https://ivonavacances.fr/?page_id=67#breadcrumb","itemListElement":[{"@type":"ListItem","position":1,"name":"Accueil","item":"https://ivonavacances.fr/"},{"@type":"ListItem","position":2,"name":"Activités","item":"https://ivonavacances.fr/?page_id=44"},{"@type":"ListItem","position":3,"name":"Location de vélos"}]},{"@type":"WebSite","@id":"https://ivonavacances.fr/#website","url":"https://ivonavacances.fr/","name":"www.lescabanesivona.fr","description":"Maisons de Vacances à louer","publisher":{"@id":"https://ivonavacances.fr/#organization"},"potentialAction":[{"@type":"SearchAction","target":{"@type":"EntryPoint","urlTemplate":"https://ivonavacances.fr/?s={search_term_string}"},"query-input":{"@type":"PropertyValueSpecification","valueRequired":true,"valueName":"search_term_string"}}],"inLanguage":"fr-FR"},{"@type":"Organization","@id":"https://ivonavacances.fr/#organization","name":"Ivona Vacances","url":"https://ivonavacances.fr/","logo":{"@type":"ImageObject","inLanguage":"fr-FR","@id":"https://ivonavacances.fr/#/schema/logo/image/","url":"https://i0.wp.com/ivonavacances.fr/wp-content/uploads/2023/11/cropped-logo.png?fit=530%2C530&ssl=1","contentUrl":"https://i0.wp.com/ivonavacances.fr/wp-content/uploads/2023/11/cropped-logo.png?fit=530%2C530&ssl=1","width":530,"height":530,"caption":"Ivona Vacances"},"image":{"@id":"https://ivonavacances.fr/#/schema/logo/image/"},"sameAs":["https://www.facebook.com/p/Les-Cabanes-Ivona-100063381480051/","https://www.instagram.com/ivona_vacances"]}]}</script>
<!-- / Yoast SEO plugin. -->

Location de vélos -

Pour des vélos livrés à domicile, à partir de 15€/jour, 5€ de remise dès 3 jours de locations de 2 velos.  [valable sur le Bassin d&rsquo;Arcachon]

Activités

Maisons de Vacances à louer
