{"id":687,"date":"2023-11-07T15:47:56","date_gmt":"2023-11-07T14:47:56","guid":{"rendered":"https:\/\/lescabanesivona.fr\/?page_id=687"},"modified":"2023-11-07T15:47:56","modified_gmt":"2023-11-07T14:47:56","slug":"la-corse","status":"publish","type":"page","link":"https:\/\/ivonavacances.fr\/?page_id=687","title":{"rendered":"La Corse"},"content":{"rendered":"<p>Bienvenue \u00e0\u00a0<strong>Portivechju<\/strong>, une des cit\u00e9s incontournables de l\u2019Extr\u00eame Sud de la Corse. L\u2019ancienne ville, perch\u00e9e sur un promontoire rocheux, domine un golfe o\u00f9 s\u2019engouffre la mer tyrrh\u00e9nienne et qui portera \u00e0 l\u2019origine, d\u2019apr\u00e8s les Anciens, le nom de Portus Syracusanus, signature du passage des Grecs.<\/p>\n<p>En montant sur la t<a href=\"https:\/\/www.portovecchio-tourisme.corsica\/galeries-arts\/le-bastion-de-france\/\">errasse du Bastion de France<\/a>, un des \u00e9difices de notre citadelle g\u00e9noise, vous comprendrez la valeur patrimoniale infinie de notre cit\u00e9, parce que, o\u00f9 que vous porterez votre regard, il y aura quelque chose \u00e0 d\u00e9couvrir\u2026<\/p>\n<p>D\u00e9j\u00e0 la\u00a0<strong>citadelle<\/strong>\u00a0qui marque dans la pierre la forte empreinte que nous ont laiss\u00e9e les G\u00e9nois apr\u00e8s cinq si\u00e8cles de pr\u00e9sence. En contrebas, le vieux port,\u00a0<i>porto vecchio<\/i>, o\u00f9 dorment les vestiges d\u2019un pass\u00e9 industriel intense. Suivez la c\u00f4te et s\u2019ouvriront \u00e0 vous les plus belles plages du sud o\u00f9 sable blanc, eaux turquoise, roche granitique ou de porphyre, maquis ou pin\u00e8de, activit\u00e9s nautiques ou farniente, se combinent pour vous offrir les plus paradisiaques des paysages marins\u2026<\/p>\n<p>Mais ce n\u2019est pas fini, retournez-vous, nous sommes au pied de d\u2019<strong>U Spidali<\/strong>, village de la commune de Porto-Vecchio, dont le point culminant est la\u00a0<i>Punta di a Vacca Morta\u00a0<\/i>avec ses 1314 m. d\u2019altitude. For\u00eat, barrage, rando, panoramas \u00e9tourdissants, activit\u00e9s de pleine nature sont \u00e0 votre port\u00e9e\u00a0!<\/p>\n<div class=\"elementor-element elementor-element-98477b5 e-con-full e-flex e-con e-child\" data-id=\"98477b5\" data-element_type=\"container\" data-settings=\"{&quot;content_width&quot;:&quot;full&quot;,&quot;jet_parallax_layout_list&quot;:[]}\">\n<div class=\"elementor-element elementor-element-6df4bc5 elementor-widget elementor-widget-heading\" data-id=\"6df4bc5\" data-element_type=\"widget\" data-widget_type=\"heading.default\">\n<div class=\"elementor-widget-container\">\n<h2 class=\"elementor-heading-title elementor-size-default\">UNE HISTOIRE DE\u00a0<b>CARACT\u00c8RE<\/b><\/h2>\n<\/div>\n<\/div>\n<div class=\"elementor-element elementor-element-6c27fbf elementor-widget elementor-widget-heading\" data-id=\"6c27fbf\" data-element_type=\"widget\" data-widget_type=\"heading.default\">\n<div class=\"elementor-widget-container\">\n<h3 class=\"elementor-heading-title elementor-size-default\">UN TERRITOIRE MARQU\u00c9 DEPUIS LA NUIT DES TEMPS<\/h3>\n<\/div>\n<\/div>\n<div class=\"elementor-element elementor-element-bc742e7 elementor-widget elementor-widget-text-editor\" data-id=\"bc742e7\" data-element_type=\"widget\" data-widget_type=\"text-editor.default\">\n<div class=\"elementor-widget-container\">\n<p>M\u00eame si le passage g\u00e9nois a laiss\u00e9 une empreinte forte \u00e0 Porto-Vecchio, son histoire, m\u00eame sa pr\u00e9-histoire, est bien ant\u00e9rieure et les vestiges arch\u00e9ologiques sont toujours l\u00e0 pour en t\u00e9moigner\u2026 Deux casteddi torr\u00e9ens,\u00a0<a href=\"https:\/\/www.portovecchio-tourisme.corsica\/sites-historiques\/ceccia-site-archeologique-de-lage-du-bronze\/\"><strong>Ceccia<\/strong><\/a>\u00a0et\u00a0<a href=\"https:\/\/www.portovecchio-tourisme.corsica\/sites-historiques\/u-casteddu-di-tappa\/\"><strong>Tappa<\/strong><\/a>, s\u2019\u00e9l\u00e8vent sur nos plaines pour vous raconter l\u2019histoire de ces hommes de l\u2019\u00e2ge du Bronze et du Fer qui impulsent les premi\u00e8res techniques agro-pastorales en Corse.<br \/>\nCe\u00a0<strong>pastoralisme<\/strong>\u00a0qui va marquer le lien entre les plaines et la montagne jusqu\u2019aux XIX\u00e8me si\u00e8cle et dont les sentiers de transhumance, les\u00a0<i>orii<\/i>\u00a0et les\u00a0<i>caseddi<\/i>\u00a0joncent encore notre territoire au gr\u00e9 de vos balades\u2026<\/p>\n<p>En fl\u00e2nant sur \u00e0 la marine de Porto-Vecchio, vous pourrez observer les vestiges d\u2019un\u00a0<strong>pass\u00e9 industriel<\/strong>\u00a0r\u00e9volu\u00a0: les anciennes usines \u00e0 li\u00e8ge qui ont fait le fleuron \u00e9conomique de la cit\u00e9, dont l\u2019usine St Joseph aujourd\u2019hui r\u00e9investie par une compagnie th\u00e9\u00e2trale\u00a0; les\u00a0<strong>marais salants<\/strong>\u00a0endormis qui ont valu le surnom \u00e0 la ville de \u00ab\u00a0<strong>Cit\u00e9 du Sel<\/strong>\u00a0\u00bb et dont la production \u00e9tait d\u2019une qualit\u00e9 inestimable. Le saviez-vous\u00a0? la voie ferr\u00e9e en provenance de Bastia arrivait jusqu\u2019au quai de la Marine et participait \u00e0 l\u2019effervescence \u00e9conomique du port\u2026<\/p>\n<p>Avec le boum des ann\u00e9es 50, la ville prend une autre dimension avec la cr\u00e9ation du port de plaisance, d\u2019h\u00f4tels, et de restaurants, \u2026 Ce qui fait d\u2019elle, aujourd\u2019hui, la premi\u00e8re station touristique de l\u2019\u00eele.<\/p>\n<\/div>\n<\/div>\n<\/div>\n<div class=\"elementor-element elementor-element-5dabe68 e-con-full e-flex e-con e-child\" data-id=\"5dabe68\" data-element_type=\"container\" data-settings=\"{&quot;content_width&quot;:&quot;full&quot;,&quot;jet_parallax_layout_list&quot;:[]}\">\n<div class=\"elementor-element elementor-element-768f660 elementor--h-position-center elementor--v-position-middle elementor-arrows-position-inside elementor-pagination-position-inside elementor-widget elementor-widget-slides e-widget-swiper\" data-id=\"768f660\" data-element_type=\"widget\" data-settings=\"{&quot;navigation&quot;:&quot;both&quot;,&quot;autoplay&quot;:&quot;yes&quot;,&quot;pause_on_hover&quot;:&quot;yes&quot;,&quot;pause_on_interaction&quot;:&quot;yes&quot;,&quot;autoplay_speed&quot;:5000,&quot;infinite&quot;:&quot;yes&quot;,&quot;transition&quot;:&quot;slide&quot;,&quot;transition_speed&quot;:500}\" data-widget_type=\"slides.default\">\n<div class=\"elementor-widget-container\">\n<div class=\"elementor-swiper\">\n<div class=\"elementor-slides-wrapper elementor-main-swiper swiper-container swiper-container-initialized swiper-container-horizontal\" dir=\"ltr\" data-animation=\"fadeInUp\">\n<div class=\"swiper-wrapper elementor-slides\">\n<div class=\"elementor-repeater-item-9ea9022 swiper-slide swiper-slide-duplicate swiper-slide-duplicate-prev\" data-swiper-slide-index=\"0\">\n<div class=\"swiper-slide-bg\" role=\"img\"><\/div>\n<div class=\"swiper-slide-inner\">\n<div class=\"swiper-slide-contents animated fadeInUp\"><\/div>\n<\/div>\n<\/div>\n<div class=\"elementor-repeater-item-686faab swiper-slide swiper-slide-duplicate swiper-slide-duplicate-active\" data-swiper-slide-index=\"1\">\n<div class=\"swiper-slide-bg\" role=\"img\"><\/div>\n<div class=\"swiper-slide-inner\">\n<div class=\"swiper-slide-contents animated fadeInUp\"><\/div>\n<\/div>\n<\/div>\n<div class=\"elementor-repeater-item-f8f9831 swiper-slide swiper-slide-duplicate swiper-slide-duplicate-next\" data-swiper-slide-index=\"2\">\n<div class=\"swiper-slide-bg\" role=\"img\"><\/div>\n<div class=\"swiper-slide-inner\">\n<div class=\"swiper-slide-contents animated fadeInUp\"><\/div>\n<\/div>\n<\/div>\n<div class=\"elementor-repeater-item-9ea9022 swiper-slide swiper-slide-prev\" data-swiper-slide-index=\"0\">\n<div class=\"swiper-slide-bg\" role=\"img\"><\/div>\n<div class=\"swiper-slide-inner\">\n<div class=\"swiper-slide-contents animated fadeInUp\"><\/div>\n<\/div>\n<\/div>\n<div class=\"elementor-repeater-item-686faab swiper-slide swiper-slide-active\" data-swiper-slide-index=\"1\">\n<div class=\"swiper-slide-bg elementor-ken-burns--active\" role=\"img\"><\/div>\n<div class=\"swiper-slide-inner\">\n<div class=\"swiper-slide-contents animated fadeInUp\"><\/div>\n<\/div>\n<\/div>\n<div class=\"elementor-repeater-item-f8f9831 swiper-slide swiper-slide-next\" data-swiper-slide-index=\"2\"><\/div>\n<\/div>\n<\/div>\n<\/div>\n<\/div>\n<\/div>\n<\/div>\n","protected":false},"excerpt":{"rendered":"<p>Une merveille \u00e0 d\u00e9couvrir<\/p>\n","protected":false},"author":1,"featured_media":688,"parent":16,"menu_order":0,"comment_status":"closed","ping_status":"closed","template":"","meta":{"footnotes":""},"class_list":["post-687","page","type-page","status-publish","has-post-thumbnail","hentry"],"yoast_head":"<!-- This site is optimized with the Yoast SEO plugin v23.7 - https:\/\/yoast.com\/wordpress\/plugins\/seo\/ -->\n<title>La Corse -<\/title>\n<meta name=\"robots\" content=\"index, follow, max-snippet:-1, max-image-preview:large, max-video-preview:-1\" \/>\n<link rel=\"canonical\" href=\"https:\/\/ivonavacances.fr\/?page_id=687\" \/>\n<meta property=\"og:locale\" content=\"fr_FR\" \/>\n<meta property=\"og:type\" content=\"article\" \/>\n<meta property=\"og:title\" content=\"La Corse -\" \/>\n<meta property=\"og:description\" content=\"Une merveille \u00e0 d\u00e9couvrir\" \/>\n<meta property=\"og:url\" content=\"https:\/\/ivonavacances.fr\/?page_id=687\" \/>\n<meta property=\"article:publisher\" content=\"https:\/\/www.facebook.com\/p\/Les-Cabanes-Ivona-100063381480051\/\" \/>\n<meta property=\"og:image\" content=\"https:\/\/ivonavacances.fr\/wp-content\/uploads\/2023\/11\/ef31babf-city-47427-16732e87461.jpg\" \/>\n\t<meta property=\"og:image:width\" content=\"1366\" \/>\n\t<meta property=\"og:image:height\" content=\"768\" \/>\n\t<meta property=\"og:image:type\" content=\"image\/jpeg\" \/>\n<meta name=\"twitter:card\" content=\"summary_large_image\" \/>\n<meta name=\"twitter:label1\" content=\"Dur\u00e9e de lecture estim\u00e9e\" \/>\n\t<meta name=\"twitter:data1\" content=\"2 minutes\" \/>\n<script type=\"application\/ld+json\" class=\"yoast-schema-graph\">{\"@context\":\"https:\/\/schema.org\",\"@graph\":[{\"@type\":\"WebPage\",\"@id\":\"https:\/\/ivonavacances.fr\/?page_id=687\",\"url\":\"https:\/\/ivonavacances.fr\/?page_id=687\",\"name\":\"La Corse -\",\"isPartOf\":{\"@id\":\"https:\/\/ivonavacances.fr\/#website\"},\"primaryImageOfPage\":{\"@id\":\"https:\/\/ivonavacances.fr\/?page_id=687#primaryimage\"},\"image\":{\"@id\":\"https:\/\/ivonavacances.fr\/?page_id=687#primaryimage\"},\"thumbnailUrl\":\"https:\/\/i0.wp.com\/ivonavacances.fr\/wp-content\/uploads\/2023\/11\/ef31babf-city-47427-16732e87461.jpg?fit=1366%2C768&ssl=1\",\"datePublished\":\"2023-11-07T14:47:56+00:00\",\"dateModified\":\"2023-11-07T14:47:56+00:00\",\"breadcrumb\":{\"@id\":\"https:\/\/ivonavacances.fr\/?page_id=687#breadcrumb\"},\"inLanguage\":\"fr-FR\",\"potentialAction\":[{\"@type\":\"ReadAction\",\"target\":[\"https:\/\/ivonavacances.fr\/?page_id=687\"]}]},{\"@type\":\"ImageObject\",\"inLanguage\":\"fr-FR\",\"@id\":\"https:\/\/ivonavacances.fr\/?page_id=687#primaryimage\",\"url\":\"https:\/\/i0.wp.com\/ivonavacances.fr\/wp-content\/uploads\/2023\/11\/ef31babf-city-47427-16732e87461.jpg?fit=1366%2C768&ssl=1\",\"contentUrl\":\"https:\/\/i0.wp.com\/ivonavacances.fr\/wp-content\/uploads\/2023\/11\/ef31babf-city-47427-16732e87461.jpg?fit=1366%2C768&ssl=1\",\"width\":1366,\"height\":768,\"caption\":\"plage de satna Giulia\"},{\"@type\":\"BreadcrumbList\",\"@id\":\"https:\/\/ivonavacances.fr\/?page_id=687#breadcrumb\",\"itemListElement\":[{\"@type\":\"ListItem\",\"position\":1,\"name\":\"Accueil\",\"item\":\"https:\/\/ivonavacances.fr\/\"},{\"@type\":\"ListItem\",\"position\":2,\"name\":\"Bienvenue chez Ivona Vacances\",\"item\":\"https:\/\/ivonavacances.fr\/\"},{\"@type\":\"ListItem\",\"position\":3,\"name\":\"La Corse\"}]},{\"@type\":\"WebSite\",\"@id\":\"https:\/\/ivonavacances.fr\/#website\",\"url\":\"https:\/\/ivonavacances.fr\/\",\"name\":\"www.lescabanesivona.fr\",\"description\":\"Maisons de Vacances \u00e0 louer\",\"publisher\":{\"@id\":\"https:\/\/ivonavacances.fr\/#organization\"},\"potentialAction\":[{\"@type\":\"SearchAction\",\"target\":{\"@type\":\"EntryPoint\",\"urlTemplate\":\"https:\/\/ivonavacances.fr\/?s={search_term_string}\"},\"query-input\":{\"@type\":\"PropertyValueSpecification\",\"valueRequired\":true,\"valueName\":\"search_term_string\"}}],\"inLanguage\":\"fr-FR\"},{\"@type\":\"Organization\",\"@id\":\"https:\/\/ivonavacances.fr\/#organization\",\"name\":\"Ivona Vacances\",\"url\":\"https:\/\/ivonavacances.fr\/\",\"logo\":{\"@type\":\"ImageObject\",\"inLanguage\":\"fr-FR\",\"@id\":\"https:\/\/ivonavacances.fr\/#\/schema\/logo\/image\/\",\"url\":\"https:\/\/i0.wp.com\/ivonavacances.fr\/wp-content\/uploads\/2023\/11\/cropped-logo.png?fit=530%2C530&ssl=1\",\"contentUrl\":\"https:\/\/i0.wp.com\/ivonavacances.fr\/wp-content\/uploads\/2023\/11\/cropped-logo.png?fit=530%2C530&ssl=1\",\"width\":530,\"height\":530,\"caption\":\"Ivona Vacances\"},\"image\":{\"@id\":\"https:\/\/ivonavacances.fr\/#\/schema\/logo\/image\/\"},\"sameAs\":[\"https:\/\/www.facebook.com\/p\/Les-Cabanes-Ivona-100063381480051\/\",\"https:\/\/www.instagram.com\/ivona_vacances\"]}]}<\/script>\n<!-- \/ Yoast SEO plugin. -->","yoast_head_json":{"title":"La Corse -","robots":{"index":"index","follow":"follow","max-snippet":"max-snippet:-1","max-image-preview":"max-image-preview:large","max-video-preview":"max-video-preview:-1"},"canonical":"https:\/\/ivonavacances.fr\/?page_id=687","og_locale":"fr_FR","og_type":"article","og_title":"La Corse -","og_description":"Une merveille \u00e0 d\u00e9couvrir","og_url":"https:\/\/ivonavacances.fr\/?page_id=687","article_publisher":"https:\/\/www.facebook.com\/p\/Les-Cabanes-Ivona-100063381480051\/","og_image":[{"width":1366,"height":768,"url":"https:\/\/ivonavacances.fr\/wp-content\/uploads\/2023\/11\/ef31babf-city-47427-16732e87461.jpg","type":"image\/jpeg"}],"twitter_card":"summary_large_image","twitter_misc":{"Dur\u00e9e de lecture estim\u00e9e":"2 minutes"},"schema":{"@context":"https:\/\/schema.org","@graph":[{"@type":"WebPage","@id":"https:\/\/ivonavacances.fr\/?page_id=687","url":"https:\/\/ivonavacances.fr\/?page_id=687","name":"La Corse -","isPartOf":{"@id":"https:\/\/ivonavacances.fr\/#website"},"primaryImageOfPage":{"@id":"https:\/\/ivonavacances.fr\/?page_id=687#primaryimage"},"image":{"@id":"https:\/\/ivonavacances.fr\/?page_id=687#primaryimage"},"thumbnailUrl":"https:\/\/i0.wp.com\/ivonavacances.fr\/wp-content\/uploads\/2023\/11\/ef31babf-city-47427-16732e87461.jpg?fit=1366%2C768&ssl=1","datePublished":"2023-11-07T14:47:56+00:00","dateModified":"2023-11-07T14:47:56+00:00","breadcrumb":{"@id":"https:\/\/ivonavacances.fr\/?page_id=687#breadcrumb"},"inLanguage":"fr-FR","potentialAction":[{"@type":"ReadAction","target":["https:\/\/ivonavacances.fr\/?page_id=687"]}]},{"@type":"ImageObject","inLanguage":"fr-FR","@id":"https:\/\/ivonavacances.fr\/?page_id=687#primaryimage","url":"https:\/\/i0.wp.com\/ivonavacances.fr\/wp-content\/uploads\/2023\/11\/ef31babf-city-47427-16732e87461.jpg?fit=1366%2C768&ssl=1","contentUrl":"https:\/\/i0.wp.com\/ivonavacances.fr\/wp-content\/uploads\/2023\/11\/ef31babf-city-47427-16732e87461.jpg?fit=1366%2C768&ssl=1","width":1366,"height":768,"caption":"plage de satna Giulia"},{"@type":"BreadcrumbList","@id":"https:\/\/ivonavacances.fr\/?page_id=687#breadcrumb","itemListElement":[{"@type":"ListItem","position":1,"name":"Accueil","item":"https:\/\/ivonavacances.fr\/"},{"@type":"ListItem","position":2,"name":"Bienvenue chez Ivona Vacances","item":"https:\/\/ivonavacances.fr\/"},{"@type":"ListItem","position":3,"name":"La Corse"}]},{"@type":"WebSite","@id":"https:\/\/ivonavacances.fr\/#website","url":"https:\/\/ivonavacances.fr\/","name":"www.lescabanesivona.fr","description":"Maisons de Vacances \u00e0 louer","publisher":{"@id":"https:\/\/ivonavacances.fr\/#organization"},"potentialAction":[{"@type":"SearchAction","target":{"@type":"EntryPoint","urlTemplate":"https:\/\/ivonavacances.fr\/?s={search_term_string}"},"query-input":{"@type":"PropertyValueSpecification","valueRequired":true,"valueName":"search_term_string"}}],"inLanguage":"fr-FR"},{"@type":"Organization","@id":"https:\/\/ivonavacances.fr\/#organization","name":"Ivona Vacances","url":"https:\/\/ivonavacances.fr\/","logo":{"@type":"ImageObject","inLanguage":"fr-FR","@id":"https:\/\/ivonavacances.fr\/#\/schema\/logo\/image\/","url":"https:\/\/i0.wp.com\/ivonavacances.fr\/wp-content\/uploads\/2023\/11\/cropped-logo.png?fit=530%2C530&ssl=1","contentUrl":"https:\/\/i0.wp.com\/ivonavacances.fr\/wp-content\/uploads\/2023\/11\/cropped-logo.png?fit=530%2C530&ssl=1","width":530,"height":530,"caption":"Ivona Vacances"},"image":{"@id":"https:\/\/ivonavacances.fr\/#\/schema\/logo\/image\/"},"sameAs":["https:\/\/www.facebook.com\/p\/Les-Cabanes-Ivona-100063381480051\/","https:\/\/www.instagram.com\/ivona_vacances"]}]}},"jetpack_sharing_enabled":true,"_links":{"self":[{"href":"https:\/\/ivonavacances.fr\/index.php?rest_route=\/wp\/v2\/pages\/687","targetHints":{"allow":["GET"]}}],"collection":[{"href":"https:\/\/ivonavacances.fr\/index.php?rest_route=\/wp\/v2\/pages"}],"about":[{"href":"https:\/\/ivonavacances.fr\/index.php?rest_route=\/wp\/v2\/types\/page"}],"author":[{"embeddable":true,"href":"https:\/\/ivonavacances.fr\/index.php?rest_route=\/wp\/v2\/users\/1"}],"replies":[{"embeddable":true,"href":"https:\/\/ivonavacances.fr\/index.php?rest_route=%2Fwp%2Fv2%2Fcomments&post=687"}],"version-history":[{"count":1,"href":"https:\/\/ivonavacances.fr\/index.php?rest_route=\/wp\/v2\/pages\/687\/revisions"}],"predecessor-version":[{"id":689,"href":"https:\/\/ivonavacances.fr\/index.php?rest_route=\/wp\/v2\/pages\/687\/revisions\/689"}],"up":[{"embeddable":true,"href":"https:\/\/ivonavacances.fr\/index.php?rest_route=\/wp\/v2\/pages\/16"}],"wp:featuredmedia":[{"embeddable":true,"href":"https:\/\/ivonavacances.fr\/index.php?rest_route=\/wp\/v2\/media\/688"}],"wp:attachment":[{"href":"https:\/\/ivonavacances.fr\/index.php?rest_route=%2Fwp%2Fv2%2Fmedia&parent=687"}],"curies":[{"name":"wp","href":"https:\/\/api.w.org\/{rel}","templated":true}]}}